s divided by v.
9
Suppose -45*y = 409*y - 4994. Let w = 11 + -7. Suppose 0 = -w*u - u + 205. Calculate the remainder when u is divided by y.
8
Suppose -3*p + 5*u + 225 = 0, 265 = p + 3*p + 5*u. Calculate the remainder when p is divided by -34*(1/1 - 2).
2
Let y(c) = 10*c - 114. Let j be y(11). What is the remainder when -2 - 2/j*(-20 + 416) is divided by 9?
7
Calculate the remainder when 1301 is divided by (1 - -1) + (-10 - (-1 + -39)).
21
Let m = 835 + -529. Let r = 324 - m. What is the remainder when 135 is divided by r?
9
Let l = 14937 - 13940. What is the remainder when l is divided by 23?
8
Suppose 4*y = -w + 300, -4*w = -22*y + 27*y - 397. What is the remainder when 1543 is divided by y?
10
Let c = -410 - -434. What is the remainder when 246 is divided by (-760)/c*(-21)/35?
18
Suppose -161*r - 3*b + 2349 = -156*r, 462 = r - 2*b. Calculate the remainder when 740 is divided by r.
272
Let f be (-1 + (-15)/3)*-1. Suppose -f*w = -5*m - w + 500, 3*m - 5*w = 302. What is the remainder when m is divided by 32?
3
Suppose 188 = -4*v + 12. Calculate the remainder when 105 is divided by v/(-4) + (2/(-1) - 0).
6
Suppose 33*q + 22*q - 54369 = 74001. Calculate the remainder when q is divided by 146.
144
Let w(c) = -22 - 9 + 76*c - 24*c. Calculate the remainder when w(2) is divided by 22.
7
Let p(b) = -b**3 + 5*b**2 + 2*b + 4. Let v be (-74222)/708 + (2/(-12))/1. Let a = v + 110. Calculate the remainder when p(4) is divided by a.
3
Let m = 3067 - 1854. Calculate the remainder when m is divided by 600.
13
Suppose 2*m = 812 - 740. Suppose -2*w + m = -3*j, 6*w = w - 2*j + 109. What is the remainder when 753 is divided by w?
18
Suppose -5*u - 103 = -0*x - 3*x, -2*u = -5*x + 178. What is the remainder when (-2748)/3*x/(-48) is divided by 30?
27
Let u be -3 + (-128)/(-44) + 1985/55. Suppose -4 = d - 2*d, -4*d = q - 1. Let y = q + u. What is the remainder when y is divided by 9?
3
Let q be (4/(-5))/((-3)/15). Suppose 3*r + 28 = 2*k, 4*k + 3*r + 1230 - 1232 = 0. Calculate the remainder when (58/q)/(2/4) is divided by k.
4
Suppose 0 = 7*v - 306 + 152 - 406. Calculate the remainder when 336 is divided by v.
16
Suppose -13*b + 14*b = 3. Suppose -2*n = b*v - 170, -7*v + 253 = 3*n - 2*v. Let u(g) = 5*g - 6. What is the remainder when n is divided by u(6)?
19
Let x(r) = 19*r - 13. Let v(i) = -i**3 - 7*i**2 - 2*i - 11. Suppose -15*m = -21*m - 42. Let u be v(m). Calculate the remainder when x(u) is divided by 9.
8
Let k = 1535 - 1417. Calculate the remainder when k is divided by 13.
1
Let z = -2 - -271. Let p = 79 + -52. Calculate the remainder when z is divided by p.
26
Suppose y + 4*o + 2 = -y, -4 = o. Suppose y*n - 150 = -80. Calculate the remainder when 48 is divided by n.
8
Let b(d) = 54*d**3 - d**2 - 3*d - 1. Let g be b(-1). Let r = 2 - g. Calculate the remainder when r is divided by (-8)/(-10) + (-252)/(-35).
7
What is the remainder when 1556 is divided by ((-40240)/50)/(-8) + 8/20?
41
Suppose 135 = 44*h - 39*h. Let r(j) = -j - 25. Let p be r(-13). Let m = h - p. Calculate the remainder when m is divided by 11.
6
Let i(s) = 4*s**2 + 212*s - 285. Calculate the remainder when i(-55) is divided by 33.
23
What is the remainder when ((-3490)/(-6) - -3)*(14 - -2 - 13) is divided by 582?
8
Let c = -5858 - -5871. Calculate the remainder when 736 is divided by c.
8
Let p = 251 - 261. What is the remainder when 4 - (0 - -25)*(-11 - p) is divided by 1/(-2 + 39/18)?
5
Suppose 0 = 54*l - 103*l + 20384. What is the remainder when 1680 is divided by l?
16
Suppose -3*z + i = -67, 2*z - 3*i = 2*i + 49. Suppose -1562 + 817 + 793 = 4*w. Calculate the remainder when z is divided by w.
10
Let v(u) = -3*u - 1. Let s(r) = -29*r - 26. Let d(z) = -4*s(z) + 36*v(z). What is the remainder when 20 is divided by d(-8)?
0
Let q = 33251 + -32689. Calculate the remainder when 565 is divided by q.
3
Suppose 246 - 414 = -3*t - 9*t. Calculate the remainder when 208/3 + 1/(-3) is divided by t.
13
Let t(m) = -m**3 + 12*m**2 - 15*m + 1. Suppose 9*o - 19 = 35. Suppose -3*k + o*k - 30 = 0. Calculate the remainder when t(k) is divided by 13.
12
Calculate the remainder when 2*6/(-15) + -46844*4/(-20) is divided by 25.
18
Let w be 5 + -2 - 7/((-7)/4). Suppose -4*m + 242 = w*m. Suppose 0*d - 172 = -4*d. Calculate the remainder when d is divided by m.
21
Calculate the remainder when 80 is divided by (78/(-18) + -5)/(18/(-27)).
10
Suppose -111 + 133 = -v. Let a be 0/v - 1/2*2. Calculate the remainder when (-17 - a)*(-20 + 18) is divided by 5.
2
Let r(k) = -4*k + 2. Let z be r(-1). Let d be (17 - 7) + z/(-2). Suppose 0 = 9*x - d*x - 26. What is the remainder when 51 is divided by x?
12
Suppose -33*m = -10*m - 5037. What is the remainder when 334 is divided by m?
115
Let w(y) = 8*y - 8. Let n(k) = -6*k - 43. Calculate the remainder when n(-19) is divided by w(6).
31
Let i(b) = 18*b**2 - 29*b - 3. Calculate the remainder when i(-1) is divided by 31.
13
Let p be -51*(-20)/24*16/5. Suppose -144 = -4*q + 5*x, 5 - 1 = -x. Suppose -35*b = -q*b - p. Calculate the remainder when 64 is divided by b.
30
Let f(n) = -n**2 - 15*n + 2. Let y be (-335)/25 + 2*(-2)/(-10). Suppose 0 = 10*m - 3*m - 574. Calculate the remainder when m is divided by f(y).
26
Let t(w) = w**2 - 102*w + 2470. Calculate the remainder when 388 is divided by t(37).
63
Suppose 2*w - 187 - 359 = 0. Let l(u) = 19*u + 289. Calculate the remainder when w is divided by l(-14).
20
Let h(l) = 2*l + 3. Suppose -5*u + 3*i + 31 = 0, 3*u + 3*i + 11 = 4*u. What is the remainder when 76 is divided by h(u)?
11
Let b be (-160)/(-8)*18/15. Let o be (-6)/(b/4) - 1*289. What is the remainder when (8/(-10))/(4*1/o) is divided by 30?
28
Let j be -2*15/(-20) + (-6)/4. Suppose j = -9*t + 5*t + 708. What is the remainder when t is divided by 20?
17
Let c(g) = -2*g - 11. Let o(m) = -2*m - 12. Let n(f) = 3*c(f) - 4*o(f). Let s = 30 + -14. Calculate the remainder when s is divided by n(-6).
1
Let i = 360 - 340. Suppose -4*f - 2*u + 436 = 0, 0 = -5*f + 2*u + u + 534. Let a = f - 50. Calculate the remainder when a is divided by i.
18
Let i(x) = 10*x**3 + 5*x**2 + x + 6. Let d be i(4). Let r = d + -601. What is the remainder when r is divided by 13?
12
Let o be (-3)/(9/2) - 8/(-3). Calculate the remainder when (o - -192)*(2 + 1/(-1)) is divided by 49.
47
Let f(b) = b**3 + 38*b**2 - 600*b + 31. Calculate the remainder when f(-50) is divided by 13.
5
Let g(s) = -s + 7. Let v be g(0). Let m = v + -3. Let n(w) = 98*w - 1068. Calculate the remainder when n(11) is divided by m.
2
Let a = -183 + 181. What is the remainder when a/(-6) - 10534/(-69) is divided by 80?
73
Let v be -13 - -13 - (2 + 0)*-1. Suppose v*g - 204 = -g. Suppose 0 = -a - 2, 2*c - 4*a + 8*a = 28. Calculate the remainder when g is divided by c.
14
Let l(p) = -p**2 + 5*p + 15. Let d be l(-5). Let g be 18/(-15)*d/21. Suppose 5*v = y, g*v = 5*y - 59 - 33. Calculate the remainder when 38 is divided by y.
18
Let c be (-4)/(-3) + (-3)/9. Let b = 11 + c. Calculate the remainder when 13 + ((-124)/(-16) - (-4)/16) is divided by b.
9
Let l(u) = -u**3 - 50*u**2 - 100*u - 43. What is the remainder when l(-48) is divided by 37?
1
Suppose -2370 + 3202 = 52*d. Let o(x) = -57*x. What is the remainder when o(-1) is divided by d?
9
Suppose 92 = 3*l + l. Suppose 103*y - 11733 - 4747 = 0. What is the remainder when y is divided by l?
22
Let w(r) = 218*r**2 + 130*r + 261. What is the remainder when w(-2) is divided by 44?
37
Suppose -10*q + 14*q = 24, -f + 83 = 2*q. Calculate the remainder when 341 is divided by f.
57
Calculate the remainder when ((-2366)/(-65))/((-23)/(-805)) is divided by 58.
56
Suppose -17*c = -2048 + 1878. What is the remainder when 1318 is divided by c?
8
Let p = 1894 - 1756. Let x be ((-9)/4)/(12/(-128)). Suppose -5*o = c - 141, 0 = -o - 2*c + 6*c + x. What is the remainder when p is divided by o?
26
Let q = 8677 + -8603. Calculate the remainder when 258 is divided by q.
36
What is the remainder when 4742 is divided by ((-174)/(-12) - 14)/((-1)/(-18))?
8
Suppose 42*k - 223*k - 79*k = -11180. Calculate the remainder when 1151 is divided by k.
33
Suppose -4*x + 10 = 3*w - 5*w, w - x + 1 = 0. Suppose w*l = 37 - 10. What is the remainder when 26 is divided by l?
8
Suppose -1598*c = -1595*c - 552. Suppose 2*f - f + 4*